me number?
True
Let d = -1113 + 9956. Is d composite?
True
Let l(z) = -10*z**3 + 25*z**2 + 35*z + 59. Let f be l(-25). Suppose 11*y + 9370 = f. Is y a composite number?
False
Suppose 3 + 109 = h. Let u = 116 - h. Suppose u*c = -3*c + 3269. Is c composite?
False
Suppose 2*v + 11712 = -4*n, 0 = 4*v + 2*n + 3*n + 23421. Is v/(-4)*2*(-29 + 30) a prime number?
True
Suppose -310*f + 1439555 = -245*f. Is f a prime number?
True
Let o = 97562 + -64861. Is o composite?
True
Is (-1 - 670796/(-5)) + (-3024)/(-80) + -38 a composite number?
True
Suppose -3*o + 110171 = 9*q - 5*q, -4*q = -o - 110151. Is q prime?
True
Let d be (195/9)/((-7)/(-2331)) + -1. Let j = d + -4699. Is j prime?
False
Is (354/45 - 8) + (-1455947)/(-15) prime?
False
Let q = -174 - -199. Is (0 + (1545 - 2))/(5/q) prime?
False
Let o(a) = a**3 - a**2 + a + 218. Let g(b) = -b**2 + 2*b + 8*b**2 + 0*b + 19 - 5 + b**3. Let h be g(-7). Is o(h) a prime number?
False
Suppose 11*m - 529768 - 183021 = 0. Is m prime?
False
Let n(d) = d**2 + 8*d + 15. Let g be n(-5). Suppose g*x = -x - 45. Is (-2)/15 - 9591/x composite?
True
Let p be (-6)/11 - (-2240)/880. Suppose 4*s = -q + 4453, -s = -p*q - 3*q + 22202. Is q a prime number?
True
Suppose 1665527 = h - 4*b, -5*b + 8*b - 8327497 = -5*h. Is h prime?
False
Suppose 0*s + 4*g = -3*s + 13, g = -2*s + 12. Let f(i) = s*i**2 - 4*i - 5*i**2 + 12 - i. Is f(-15) composite?
True
Let b be 2 - 3/(-3) - (-92)/23. Is (b/28)/(1/(-2))*-742 a prime number?
False
Suppose 0 = -2*m + v + 59889, -149755 = 6*m - 11*m - 4*v. Is m composite?
False
Is ((3/(-12))/((-2)/8))/(274/28156514) a composite number?
False
Suppose p + p - 318 = 0. Suppose 401 = -5*y + u, 0 = -5*y + 4*u + 239 - 643. Let i = p + y. Is i a prime number?
True
Suppose -45821 = 45*q - 369101. Suppose -3939 = -3*p - 19194. Let l = q + p. Is l a prime number?
True
Let b be -2 - (-4 + 3 - 0 - -1843). Let l = -513 - b. Let s = -592 + l. Is s prime?
True
Suppose 2*g - 5*b = 9, -2*g + 5*g + 3*b = -18. Let r(p) = -5*p + 1. Let o be r(g). Let h = 331 + o. Is h a composite number?
False
Let p = -80 + 83. Let k(r) = -r**3 - r**3 + 36*r**2 - 44*r**2 + p + 1. Is k(-7) a composite number?
True
Suppose 5*t = 10*t - 8365. Let j = t - 756. Let u = j + -28. Is u composite?
True
Let w(x) = -x - 1. Let a(n) = -n**3 + 2*n**2 - 8*n - 10. Let c(y) = -a(y) + 3*w(y). Let h be c(6). Suppose -5*r + h = -104. Is r composite?
True
Let j = -17590 - -188907. Is j composite?
False
Let t = 264 + -80. Suppose 57*x - 789 - 636 = 0. Let m = t + x. Is m composite?
True
Suppose -4*n + 0*f + f + 8 = 0, f + 10 = 5*n. Suppose n*j + 1 = 7. Suppose 0 = -4*h + j*h + 502. Is h prime?
False
Let x be (8 - 9) + 3/(-1). Let m(f) = -331*f + 13. Let t be m(x). Let o = t - 460. Is o a prime number?
True
Suppose -4*n + 1584 = 3*z, -3*n - z + 1191 = 2*z. Suppose -v = -w + 4*w + n, -3*v + 121 = -w. Let o = 171 - w. Is o composite?
True
Suppose -125*i - 131*i + 248*i = -1532792. Is i a composite number?
False
Let b(i) = -i**3 - 4*i**2 + 22*i - 1. Let c(d) = -4*d**3 - 11*d**2 + 67*d - 3. Let j(f) = 7*b(f) - 2*c(f). Is j(21) prime?
False
Suppose 2*u - 8 = 0, -5 = 5*w - 2*w + 4*u. Let d(o) = -71*o**3 - 70*o**2 + 4*o - 8. Is d(w) composite?
False
Suppose 8131 - 1591 = 5*p. Suppose 2*i - 4*o + 872 = 0, -p = 6*i - 3*i + o. Is 660/(-40)*i/6 a composite number?
True
Suppose 5*r + 3*g = -12744 + 54164, -g = 5. Is r composite?
False
Suppose 17329431 = 171*g - 10788130 - 2141060. Is g a composite number?
False
Is (-117)/234 + (-1285539)/(-2) a composite number?
False
Let y be (15/45)/((-1)/(-9)). Suppose -2*j + 2*l = y*j - 1762, 0 = -j - 3*l + 366. Let i = -169 + j. Is i a prime number?
False
Suppose -4*r = -2*s - 154, 2*s + 3 = -3. Let n = r + -33. Suppose -n*l = 417 - 2285. Is l a prime number?
True
Suppose -2*n + 2 = -2. Let s(v) = v**2 + 10*v + 12. Let j be s(-9). Suppose -2*u - j*u + 1228 = t, -n*t + 3*u + 2521 = 0. Is t a composite number?
True
Let x(y) be the third derivative of -5051*y**4/12 + 35*y**3/6 - 89*y**2. Is x(-2) a composite number?
True
Suppose 3*t - 2*t + 208 = 0. Let g = 461 + t. Let x = g - -616. Is x a prime number?
False
Let l(z) = 9*z**2 + 29*z - 21. Let x be ((-12)/(-16))/(1/(-4)) - -1. Let o be (4 + x - 22)/(-5 - -6). Is l(o) a prime number?
True
Suppose 4*y + s = -4*s + 2671, -4*s = y - 654. Let x = 1690 - y. Let r = x - 475. Is r composite?
False
Let f(t) = -10118*t + 6965. Is f(-102) a prime number?
True
Let k(v) = v**3 + 5*v**2 - 2*v - 3. Let c be k(-5). Suppose 11*z - 556 = c*z. Suppose -15*s + 16*s - z = 0. Is s a composite number?
False
Let v(d) = d**3 - 26*d**2 + 26*d - 16. Let h be v(25). Let a(s) = 438*s + 1. Is a(h) prime?
True
Let o be ((-40)/6)/(24/108). Is 2/5 - ((-37578)/o)/(-1) a prime number?
False
Let q = -3809 - -7055. Let a = 376 + q. Is a composite?
True
Let m(c) = -127*c**3 - 25*c**2 - 23*c - 124. Is m(-7) composite?
False
Let q(t) = t**2 - 8*t + 18. Let c be q(5). Is 9 + 2445 - 1/(c/(-15)) a composite number?
False
Let z(w) = 305*w + 13479. Is z(0) composite?
True
Let t(s) = -2*s**2 + 1. Let l(n) = 12*n**3 + n**2 + 18*n - 7. Let k(a) = -l(a) + 4*t(a). Is k(-8) composite?
True
Let a(n) be the third derivative of 1609*n**6/120 - n**5/15 + 5*n**4/12 + 5*n**3/6 + 21*n**2 + 2*n. Is a(2) a composite number?
True
Suppose -2*g + 221 + 374 = -3*y, -5*y - 1000 = 5*g. Suppose -78*v - 3600 = -28*v. Let q = v - y. Is q a composite number?
False
Suppose -809351 = 2*o - 7*o + 2*u, 485613 = 3*o - 2*u. Is o a prime number?
True
Suppose 3*a - 2*i = 13, -2*a - 5*i - 3 - 1 = 0. Suppose -2*k - 5*c + c = -3916, k - 1958 = -a*c. Let r = k - 801. Is r composite?
True
Suppose -131*v + 109*v + 605647 + 1619917 = 0. Is v a composite number?
True
Suppose 0 = b + 5*g - 31079 - 133787, 4*b - 659530 = 2*g. Is b composite?
False
Let y = 5843 + -4584. Is y a composite number?
False
Let c be 1 + (-4 - (-508 + 1)). Suppose -14*s = -7*s - c. Suppose -6*g + 1026 = s. Is g prime?
False
Let f(y) = -y**3 + 16*y**2 - 29*y + 12. Let x(h) = -h**3 + 10*h**2 - 8*h + 5. Let v be x(9). Let c be f(v). Is c/(6/201)*-1 composite?
False
Suppose 6*k = k - 2*t + 16, -5*t = -15. Suppose -3*f + 1513 = -0*f + k*z, 0 = f - z - 496. Is f a prime number?
False
Let p = -60005 + 107604. Is p composite?
False
Suppose 0 = 277*i - 27130497 + 2868650 - 2696070. Is i a composite number?
True
Suppose 3*p + 9 = -0*p. Let i(m) = -8*m**2 - 4*m. Let d(o) = -602*o**2 + 8*o - 5. Let s(z) = -d(z) - 3*i(z). Is s(p) a composite number?
True
Let b be (-27)/2*(-152)/(-228). Is (9 + -12)*3813/b a composite number?
True
Let v = -65 - -65. Suppose -11*x + 11038 + 17551 = v. Is x a prime number?
False
Is -171284*6/48*-6 a composite number?
True
Let p be 350474/(-342) - (-2)/(-9). Let z(i) = -i**3 + i**2 + 5*i - 9. Let v be z(7). Let c = v - p. Is c prime?
True
Let d be -4 - -12 - 10 - -61. Suppose 25 = 3*k - 20. Suppose s = k + d. Is s a prime number?
False
Let j(w) = -10415*w**3 - 22*w**2 - 69*w - 29. Is j(-3) a prime number?
False
Let d(x) be the first derivative of 40*x**3/3 - 13*x**2/2 - 91*x - 92. Is d(-8) composite?
True
Let p = -31 - -35. Let z be (7/(-4) - 1/p)*-2. Suppose -z*f + 3*f = -4, -2*l - 3*f = -114. Is l prime?
False
Let g = -15889 - -33327. Is g composite?
True
Let n(j) = 4 + 4*j - j + 2*j - 11. Let z be n(3). Suppose -z*w + 318 = -2*w. Is w a composite number?
False
Let w = 5 - 3. Suppose 2*v + 34 = 3*j + j, -18 = -2*j + w*v. Suppose -9*f = -j*f - 211. Is f composite?
False
Suppose 0 = 4*a - 4*c - 18 + 6, 0 = -a - 2*c + 6. Let f(t) be the first derivative of t**4/2 + 2*t**3/3 - 2*t**2 + t - 59. Is f(a) a composite number?
True
Suppose 7*r - 3*r = 20. Is r/(-15)*15 + 618 prime?
True
Let p be -1 - -5*(-2 + 1). Let y(l) be the second derivative of l**5/20 + l**4 - 5*l**2/2 - 5*l. Is y(p) composite?
False
Let z(t) = -8*t**3 - 18*t**2 + 5*t - 5. Let g(a) = a**2 + 13*a + 22. Let h be g(-10). Is z(h) prime?
False
Is (1 - -3)*((-46662)/(-44) + 20) composite?
True
Let o be 2/(-5) - (-1023358)/70. Suppose -4*w + 14810 = 5*r, -4*r - 5*w - 2771 = -o. Is r prime?
False
Let m(f) = -4533*f + 398. Is m(-3) a prime number?
True
Suppose -4*k = 4*d - 1360 - 102124, 3*d + 4*k = 77617. Is d composite?
False
Suppose 11*j + 0*j = -216*j + 8677983. Is j a prime number?
False
Let c be 91/3 + 2 + 2/3. Suppose